-18)/(-4). Suppose -33 = -2*v + v - k*r, 3*r - 165 = -5*v. Calculate the highest common divisor of v and 3.
3
Suppose 6*n + 12549 = 38916 + 24783. What is the highest common factor of 62 and n?
31
Let s be (6 + 0 + -42)*782/(-69). Calculate the greatest common divisor of s and 5032.
136
Let w = -2456 - -2726. Calculate the greatest common divisor of 162 and w.
54
Let a be (-38 - 38)*(-2)/4. Let g = -30 + a. Calculate the highest common factor of 36 and g.
4
Let x be (1/(-2))/(-4*(-5)/(-200)). Let t be (-109)/(-3) - ((-112)/24 + x). Calculate the greatest common divisor of t and 324.
36
Suppose d - 160 = -3*f + 72, 400 = 5*f + 5*d. Let a = 241 - 51. Calculate the greatest common factor of a and f.
38
Let k be (-2 - -3)*7 + -1. Let r(p) = -p**2 + 8*p - 2. Let y be r(k). Let u = 3002 + -2922. Calculate the greatest common factor of u and y.
10
Suppose -4*v + 3*q - 10 = 0, -2*q = 7*v - 2*v + 1. Let a be 1 + v + 0 + 486. Let m = 25146 + -25092. Calculate the highest common factor of m and a.
54
Let d(i) = -i**3 - 4*i**2 - 2*i - 9. Let y be d(-6). Let q be 12/(-7) + 36/(-126). Let n be 16 - 5/(q - -7). Calculate the greatest common factor of n and y.
15
Suppose 11*s + 13 - 68 = 0. Suppose -2*n = 10, -5*n - 110 - 50 = -s*f. What is the greatest common divisor of f and 3?
3
Let m be 1072/36 - (-2)/9. Let d = -14 + m. Let p = -22888 - -22936. Calculate the highest common factor of d and p.
16
Suppose 11247 = 5*r + 197. Suppose 8*z + 250 = r. What is the highest common factor of 70 and z?
35
Let h be 23/(-115) - (-6)/5. Let o be h*172 + -53 + 49. What is the highest common divisor of 40 and o?
8
Suppose -2025 = -21*h - 1731. What is the highest common divisor of h and 4382?
14
Suppose 4*f - p = 15, 3*f = 7*f - 4*p - 24. Suppose 53 = -145*t + 35*t + 383. What is the greatest common divisor of f and t?
3
Let t = 2978 + -2748. What is the highest common factor of 15 and t?
5
Let u be (-2)/2*(-209)/38*-102. Suppose -1665 = -2*t - 5*b, 2*b + b = -3*t + 2484. Let y = t + u. Calculate the highest common factor of 24 and y.
24
Let q be (4*(-5)/10)/((-2)/104). Let h = -19 + q. Suppose -n + 5*t + 37 = 0, 0 = -0*n + 3*n - 2*t - h. Calculate the greatest common factor of 54 and n.
27
Let a = 106 + -113. Let b be (5 + 49/a)/(1/(-256)). What is the greatest common factor of 32 and b?
32
Let k = -7534 + 7541. What is the highest common divisor of 7462 and k?
7
Let i(l) = 20400*l + 142826. Let b be i(-7). Let o(t) = 14*t**2 + 2*t - 2. Let k be o(-5). Calculate the greatest common divisor of b and k.
26
Suppose 13*j = -3*v + 9*j + 371, 5*j = 3*v - 326. What is the highest common factor of 2145 and v?
39
Let j = -377 - -635. Let t be j/(-2)*(-21)/63. Calculate the highest common factor of 129 and t.
43
Suppose 23*r - 37888 - 23499 = 0. What is the highest common factor of 157 and r?
157
Let x(q) = -q + 32. Let i be x(14). Let v be (-4 + 1)*(-644)/23. Let d be (-1 + 5 + v/(-30))*90. What is the highest common divisor of d and i?
18
Let g be 3/6 + 3785/10. Suppose 5*l = -2*d - 612, 5*d = 2*l - 1851 + g. Let t = d + 449. What is the greatest common divisor of t and 102?
51
Let r = 12791 + -12591. What is the highest common divisor of r and 65?
5
Suppose 2*v + 2*k - 6 = 3*k, -4*v + 4*k + 4 = 0. Suppose 0 = -v*z + 7*z - 238. What is the greatest common factor of 51 and z?
17
Let b = 154 + 35. Let m = 241 + -235. Let k be (((-54)/5)/m)/((-12)/140). Calculate the greatest common factor of b and k.
21
Let j = 6485 + -6417. Let p = -4 - -8. What is the greatest common divisor of j and p?
4
Suppose 7*g + 4*d = 2*g + 157, -2*g + 4*d = -74. Suppose 25*q + 504 = g*q. What is the greatest common divisor of 27 and q?
9
Suppose -136*t = -137*t - 2*k + 184, 0 = -4*k + 4. Calculate the highest common divisor of t and 756.
14
Suppose 181*z - 374*z = -187*z - 450. Calculate the greatest common factor of z and 1625.
25
Let b = 8 + -6. Let k be -90*1*(-3)/9*b. What is the greatest common divisor of 150 and k?
30
Let h(m) = -3 + 73*m + m**2 + 0*m**2 + 77*m - 161*m + 29. Let w be h(11). Calculate the greatest common divisor of w and 234.
26
Suppose -s = -4*v + 703, 5*s + 720 - 180 = 3*v. Suppose -4*i + 5*b + 280 = 0, 6*i = 3*i - 5*b + v. What is the greatest common factor of 26 and i?
13
Suppose 0 = 42*a + 558 - 52302. Calculate the greatest common divisor of 77 and a.
77
Let h = 250 + 850. Suppose 0 = -11*g + 15*g - h. Calculate the greatest common factor of 11 and g.
11
Let n(m) = 11*m**2 - 125*m - 201. Let z(s) = 4*s**2 - 42*s - 67. Let v(q) = -3*n(q) + 8*z(q). Let c be v(40). Calculate the greatest common factor of 108 and c.
27
Suppose 1942 = 4*j - 866. Suppose -2*t - t + j = 3*u, 4*t = -u + 948. Let m be 31/124*136*1. What is the greatest common factor of t and m?
34
Let k = -18 - -62. Suppose -c - 124 = 4*p, -4*p = -0*c - 3*c - 420. Let t = -26 - c. What is the highest common factor of k and t?
22
Suppose 0 = 22*x - 12 - 32. Let y(t) = 9*t**2 - 4*t - 4. Let h be y(x). What is the greatest common factor of 18 and h?
6
Let r = 265 - 266. Let s(v) = -v**3 + 4*v**2 - 2*v - 3. Let p be s(r). Calculate the highest common factor of 1 and p.
1
Let t be -5 + 12 + 8/1. Suppose 4*y - 4 = 8. Calculate the greatest common factor of y and t.
3
Let u(s) = 15 + 2*s - 22*s**2 + 21*s**2 + 5*s. Let z be u(8). Let j(m) = m**2 + 5*m + 1. Let n be j(z). Calculate the greatest common divisor of 17 and n.
17
Let q(t) = -7*t + 117. Let m be q(-4). Calculate the greatest common divisor of m and 116.
29
Suppose -240*l = -2404010 + 110090. Calculate the greatest common divisor of 324 and l.
162
Let v be ((-6)/5)/(4*2/(-18580)). Suppose 22*z = 1701 + v. What is the greatest common divisor of z and 51?
51
Let u = 114 - 74. Let v = 32 - u. Let r be (-4 - 0)/(2/v). Calculate the highest common divisor of 32 and r.
16
Let f(a) = 11*a**2 - 8*a + 12. Let c be f(2). Suppose 4*n - 4*u = c, 2*u - 1 = -n - 0*n. What is the greatest common divisor of n and 9?
1
Suppose -176*w = -82*w - 94094. What is the greatest common factor of w and 169?
13
Suppose -16*o + 1792 = -176. Suppose -11*y - o = -1839. Suppose 3*x + 156 = 7*x. Calculate the highest common divisor of x and y.
39
Let y = -4617 - -4857. What is the greatest common divisor of 270 and y?
30
Let x be ((-2)/(-2))/(1/86). Let z be (-10 + (9 - 3))*x/(-4). Let s = 110 - z. What is the greatest common factor of s and 48?
24
Suppose 3*s = 4*l - 113, 4*l = -s + 73 + 28. Suppose -3*w = -l - 1. Suppose -12 = k - 5*m, -k - m + 0*m = -6. What is the greatest common factor of w and k?
3
Let l be (-1)/5 + (-22)/(-10). Let b be ((-1)/(-1))/(-2) + 31/l. Let z(c) = -c + 33. Let p be z(b). Calculate the highest common divisor of 12 and p.
6
Suppose z + 4*s = -3, 188*z + 6 = 189*z + s. Calculate the highest common factor of z and 186.
3
Let r(g) = 9*g**2 - 4228*g - 16936. Let v be r(-4). Let k be (-958)/(-6) - (-3)/9. What is the greatest common divisor of v and k?
40
Let l = -208 + 204. Let k be 19 - (l + 11) - 4. Calculate the highest common factor of k and 128.
8
Let u = -20989 - -21015. What is the greatest common divisor of 31018 and u?
26
Let n be (305842/12)/37 - (-1)/6. Calculate the greatest common factor of n and 104.
13
Let z(h) = 2*h**3 + 13*h**2 + 18*h + 77. Let m be z(-6). Suppose -m*c - 29 = -554. What is the highest common divisor of c and 105?
105
Let a = 359 - 289. Let n be 2 - (2 - 10/1). Calculate the highest common factor of n and a.
10
Suppose -12*c + 10*c = 10. Let f(t) = 8*t**2 + 10*t - 3. Let d be f(c). Let y = d - 79. What is the highest common factor of 34 and y?
34
Let j(p) = -p**2 - 17*p - 21. Let n be j(-15). Let z = 71 + n. Let x = z + -56. What is the highest common divisor of x and 12?
12
Suppose 0*t - 40 = -t. Let q(a) = -36*a - 34. Let i be q(-4). Suppose -111*w + 5 = -i*w. Calculate the highest common factor of w and t.
5
Suppose -72*w + 70*w + 20 = 0. Let p(m) = m**2 + 6*m - 2. Let r be p(-9). Calculate the highest common factor of r and w.
5
Suppose -7*w - 11 + 81 = 0. Let y be -1 + w/(9 + -7). Calculate the greatest common divisor of y and 1.
1
Let b(l) = -69 + 90 + 61 + 20*l + 110 + 36. Let m be b(-10). What is the highest common factor of 126 and m?
14
Suppose 6496 = 3*t + 2*s, -s = -3 - 5. Calculate the greatest common divisor of t and 288.
